e greatest common factor of 2712941 and 616?
77
Calculate the greatest common divisor of 222612 and 5460.
156
Calculate the greatest common divisor of 1104 and 18851766.
138
Calculate the greatest common factor of 27720 and 1331055.
495
Calculate the highest common divisor of 559 and 1520824.
43
What is the highest common factor of 18836 and 17428009?
4709
Calculate the greatest common factor of 36670 and 2080926.
386
What is the greatest common factor of 98568 and 4726296?
72
Calculate the highest common divisor of 19623877 and 4628.
1157
What is the highest common divisor of 5006540 and 5236?
308
What is the highest common factor of 32539312 and 18031?
949
What is the greatest common divisor of 966 and 275779?
7
What is the highest common divisor of 15613537 and 801?
89
Calculate the highest common factor of 407 and 21078530.
407
What is the greatest common factor of 18443760 and 240?
240
Calculate the highest common divisor of 10215278 and 9774.
362
What is the highest common divisor of 39081501 and 5958?
2979
Calculate the greatest common divisor of 2496 and 128748.
12
Calculate the highest common divisor of 239218 and 142884.
98
Calculate the greatest common divisor of 1221636 and 199977.
573
What is the highest common factor of 24805 and 252285?
605
What is the highest common factor of 25 and 3424670?
5
What is the greatest common divisor of 5790925 and 175?
175
What is the greatest common factor of 8476051 and 961?
31
Calculate the highest common factor of 482287 and 8073.
299
What is the highest common factor of 10665942 and 105?
21
Calculate the greatest common factor of 3216 and 338120592.
3216
Calculate the greatest common divisor of 98930 and 9854.
26
What is the highest common divisor of 837 and 1906500?
93
What is the greatest common factor of 144 and 53097192?
72
What is the greatest common factor of 4374 and 19808874?
486
What is the highest common divisor of 159240 and 11940?
60
Calculate the greatest common factor of 30 and 109107435.
15
Calculate the highest common factor of 190069 and 27343.
37
Calculate the highest common factor of 437219770 and 2210.
2210
What is the highest common divisor of 89442656 and 32?
32
What is the highest common factor of 148777680 and 480?
240
Calculate the greatest common divisor of 363 and 424798.
11
Calculate the greatest common factor of 2195 and 3381544565.
2195
Calculate the highest common factor of 59648 and 554.
2
What is the greatest common factor of 343203 and 6181?
7
Calculate the greatest common divisor of 649054 and 4101069.
1253
Calculate the highest common factor of 116 and 74640983.
29
What is the highest common factor of 53064 and 213048?
792
What is the greatest common divisor of 4169196 and 225?
9
Calculate the greatest common factor of 39 and 708706921.
13
What is the highest common factor of 25587533 and 53652?
4471
Calculate the highest common divisor of 172 and 9178608.
172
Calculate the highest common factor of 1812 and 2422764.
12
What is the highest common factor of 28 and 130525080?
28
What is the greatest common factor of 183962 and 1829?
59
Calculate the highest common divisor of 1072932 and 4097.
241
What is the greatest common divisor of 84 and 29942346?
42
What is the greatest common factor of 1127 and 5219781?
161
Calculate the highest common factor of 2940861 and 4872.
609
Calculate the greatest common divisor of 97172 and 169660.
68
What is the highest common divisor of 125528346 and 1665?
333
Calculate the highest common factor of 1400 and 47785.
5
What is the greatest common divisor of 2912 and 31640882?
182
What is the highest common divisor of 16853 and 375201?
887
What is the highest common divisor of 40500 and 4934925?
2025
Calculate the highest common divisor of 1429 and 6677717.
1429
Calculate the highest common factor of 560538 and 665874.
3762
What is the greatest common factor of 168441 and 3601?
13
Calculate the highest common factor of 7269745 and 9275.
1855
What is the highest common divisor of 3842229702 and 222?
222
What is the highest common factor of 3644532 and 536?
268
What is the highest common divisor of 63240 and 42920?
40
What is the greatest common divisor of 412 and 134978719?
103
What is the greatest common divisor of 216695952 and 64?
16
What is the greatest common factor of 12847063 and 369?
41
Calculate the greatest common factor of 192 and 83150016.
192
Calculate the highest common factor of 7644 and 38113236.
84
Calculate the greatest common factor of 2928161 and 20432.
1277
What is the highest common divisor of 29164068 and 6258?
894
What is the highest common divisor of 461139 and 187425?
147
What is the greatest common divisor of 1887860 and 251485?
3445
Calculate the greatest common divisor of 33858108 and 2748.
2748
What is the highest common factor of 88032 and 26292?
84
What is the greatest common factor of 250421 and 299467?
179
Calculate the highest common factor of 362618 and 28152.
46
Calculate the greatest common factor of 5396718 and 9017446.
11458
Calculate the greatest common divisor of 80152399 and 136.
17
Calculate the highest common factor of 114730 and 19040.
70
Calculate the highest common factor of 289190 and 615285.
605
Calculate the greatest common factor of 243 and 5496066.
27
Calculate the greatest common divisor of 229438272 and 1113.
1113
Calculate the highest common divisor of 19027149 and 33681.
327
What is the greatest common divisor of 9071380 and 20?
20
Calculate the greatest common factor of 336 and 123592320.
48
Calculate the highest common divisor of 172942560 and 38.
38
What is the greatest common factor of 3613 and 496505686?
3613
What is the highest common factor of 306 and 500365692?
306
Calculate the greatest common divisor of 231920 and 1364480.
1040
What is the highest common divisor of 14786355 and 90?
15
What is the highest common divisor of 259 and 24702495?
37
What is the highest common divisor of 6205286 and 70699?
1159
What is the highest common factor of 6407536 and 16?
16
Calculate the greatest common divisor of 574164 and 5223564.
1476
What is the highest common factor of 99036 and 143073?
189
Calculate the highest common divisor of 6541920 and 49632.
1056
What is the greatest common factor of 64815 and 241135?
145
Calculate the highest common divisor of 4745 and 153400.
65
What is the highest common factor of 735 and 4029585?
105
What is the greatest common divisor of 2749136 and 676?
52
Calculate the highest common divisor of 4331 and 44652.
61
Calculate the greatest common divisor of 96 and 21693144.
24
Calculate the highest common divisor of 13226 and 95336.
34
What is the highest common divisor of 435 and 1993431?
87
Calculate the highest common divisor of 55944 and 3029292.
756
Calculate the highest common divisor of 9568011 and 4755.
951
Calculate the greatest common factor of 2606560 and 10736.
176
What is the greatest common factor of 119046604 and 22553?
1187
What is the greatest common factor of 3226797 and 14259?
147
What is the greatest common factor of 144529204 and 654?
218
Calculate the greatest common factor of 1581652 and 12748592.
7948
Calculate the greatest common divisor of 23808726 and 878.
878
What is the greatest common factor of 57 and 1947027147?
57
What is the highest common divisor of 71075747 and 79?
79
Calculate the greatest common factor of 836400 and 9075.
75
What is the highest common factor of 115 and 423535?
5
What is the highest common factor of 89484577 and 182?
91
Calculate the highest common divisor of 149286006 and 94.
94
Calculate the greatest common factor of 3133 and 13833641.
241
What is the highest common factor of 271626 and 5100?
102
What is the highest common divisor of 94 and 309262021?
47
What is the greatest common divisor of 173394930 and 130?
10
What is the highest common factor of 2161446 and 798?
42
Calculate the highest common divisor of 6434 and 70745047.
3217
What is the highest common factor of 161519302 and 7?
7
What is the highest common factor of 522 and 334863?
261
Calculate the greatest common divisor of 156 and 15703532.
52
What is the greatest common divisor of 3839321 and 7?
1
What is the greatest common factor of 664036 and 772?
4
What is the highest common divisor of 6464404 and 291284?
404
Calculate the g